{"id":659,"date":"2020-10-18T18:45:44","date_gmt":"2020-10-18T16:45:44","guid":{"rendered":"https:\/\/opoleyouthchoir.pl\/?page_id=659"},"modified":"2024-04-21T12:00:53","modified_gmt":"2024-04-21T10:00:53","slug":"oyc-sklady","status":"publish","type":"page","link":"https:\/\/opoleyouthchoir.pl\/?page_id=659","title":{"rendered":"OPOLE YOUTH CHOIR"},"content":{"rendered":"<div id=\"pl-659\"  class=\"panel-layout\" ><div id=\"pg-659-0\"  class=\"panel-grid panel-no-style\" ><div id=\"pgc-659-0-0\"  class=\"panel-grid-cell\" ><div id=\"panel-659-0-0-0\" class=\"so-panel widget widget_media_image panel-first-child panel-last-child\" data-index=\"0\" ><img width=\"780\" height=\"520\" src=\"https:\/\/opoleyouthchoir.pl\/wp-content\/uploads\/2020\/10\/DSC00359-1024x683.jpg\" class=\"image wp-image-712  attachment-large size-large\" alt=\"\" loading=\"lazy\" style=\"max-width: 100%; height: auto;\" srcset=\"https:\/\/opoleyouthchoir.pl\/wp-content\/uploads\/2020\/10\/DSC00359-1024x683.jpg 1024w, https:\/\/opoleyouthchoir.pl\/wp-content\/uploads\/2020\/10\/DSC00359-300x200.jpg 300w, https:\/\/opoleyouthchoir.pl\/wp-content\/uploads\/2020\/10\/DSC00359-768x512.jpg 768w, https:\/\/opoleyouthchoir.pl\/wp-content\/uploads\/2020\/10\/DSC00359-1536x1024.jpg 1536w, https:\/\/opoleyouthchoir.pl\/wp-content\/uploads\/2020\/10\/DSC00359-2048x1365.jpg 2048w\" sizes=\"(max-width: 780px) 100vw, 780px\" \/><\/div><\/div><div id=\"pgc-659-0-1\"  class=\"panel-grid-cell\" ><div id=\"panel-659-0-1-0\" class=\"so-panel widget widget_text panel-first-child panel-last-child\" data-index=\"1\" ><h3 class=\"widget-title\">OPOLE YOUTH CHOIR<\/h3>\t\t\t<div class=\"textwidget\"><p>Obecnie ch\u00f3r to ponad 40 m\u0142odych wokalist\u00f3w w wieku od 7 do 21 lat, zamieszkuj\u0105cych wojew\u00f3dztwo opolskie. Tworzony przez dyrygentk\u0119, dzieci i m\u0142odzie\u017c, a tak\u017ce ich wspieraj\u0105cych rodzic\u00f3w, OYC jest jedyn\u0105 w swoim rodzaju szans\u0105 na rozw\u00f3j swoich muzycznych i wokalnych umiej\u0119tno\u015bci, \u015bpiewanie w harmonii, ale r\u00f3wnie\u017c solo.<\/p>\n<\/div>\n\t\t<\/div><\/div><\/div><div id=\"pg-659-1\"  class=\"panel-grid panel-no-style\" ><div id=\"pgc-659-1-0\"  class=\"panel-grid-cell\" ><div id=\"panel-659-1-0-0\" class=\"so-panel widget widget_text panel-first-child panel-last-child\" data-index=\"2\" >\t\t\t<div class=\"textwidget\"><p>&nbsp;<\/p>\n<p>&nbsp;<\/p>\n<\/div>\n\t\t<\/div><\/div><\/div><div id=\"pg-659-2\"  class=\"panel-grid panel-no-style\" ><div id=\"pgc-659-2-0\"  class=\"panel-grid-cell\" ><div id=\"panel-659-2-0-0\" class=\"so-panel widget widget_text panel-first-child panel-last-child\" data-index=\"3\" ><h3 class=\"widget-title\">PR\u00d3BY<\/h3>\t\t\t<div class=\"textwidget\"><p>Na pr\u00f3bach poznajemy tajniki poprawnego \u015bpiewania, podstawy czytania nut, budujemy fundamenty \u015bpiewania w harmonii i wyst\u0119p\u00f3w scenicznych. Na ka\u017cde nasze spotkanie sk\u0142ada si\u0119 emisja g\u0142osu, kszta\u0142cenie s\u0142uchu, praca nad piosenk\u0105 i przygotowanie do r\u00f3\u017cnych projekt\u00f3w.<\/p>\n<p>&nbsp;<\/p>\n<\/div>\n\t\t<\/div><\/div><div id=\"pgc-659-2-1\"  class=\"panel-grid-cell\" ><div id=\"panel-659-2-1-0\" class=\"so-panel widget widget_media_image panel-first-child panel-last-child\" data-index=\"4\" ><img width=\"780\" height=\"520\" src=\"https:\/\/opoleyouthchoir.pl\/wp-content\/uploads\/2020\/10\/IMG_3438-1024x683.jpg\" class=\"image wp-image-710  attachment-large size-large\" alt=\"\" loading=\"lazy\" style=\"max-width: 100%; height: auto;\" srcset=\"https:\/\/opoleyouthchoir.pl\/wp-content\/uploads\/2020\/10\/IMG_3438-1024x683.jpg 1024w, https:\/\/opoleyouthchoir.pl\/wp-content\/uploads\/2020\/10\/IMG_3438-300x200.jpg 300w, https:\/\/opoleyouthchoir.pl\/wp-content\/uploads\/2020\/10\/IMG_3438-768x512.jpg 768w, https:\/\/opoleyouthchoir.pl\/wp-content\/uploads\/2020\/10\/IMG_3438-1536x1024.jpg 1536w, https:\/\/opoleyouthchoir.pl\/wp-content\/uploads\/2020\/10\/IMG_3438-2048x1365.jpg 2048w\" sizes=\"(max-width: 780px) 100vw, 780px\" \/><\/div><\/div><\/div><div id=\"pg-659-3\"  class=\"panel-grid panel-no-style\" ><div id=\"pgc-659-3-0\"  class=\"panel-grid-cell\" ><div id=\"panel-659-3-0-0\" class=\"so-panel widget widget_text panel-first-child panel-last-child\" data-index=\"5\" >\t\t\t<div class=\"textwidget\"><p>&nbsp;<\/p>\n<p>&nbsp;<\/p>\n<\/div>\n\t\t<\/div><\/div><\/div><div id=\"pg-659-4\"  class=\"panel-grid panel-no-style\" ><div id=\"pgc-659-4-0\"  class=\"panel-grid-cell\" ><div id=\"panel-659-4-0-0\" class=\"so-panel widget widget_media_image panel-first-child panel-last-child\" data-index=\"6\" ><img width=\"960\" height=\"584\" src=\"https:\/\/opoleyouthchoir.pl\/wp-content\/uploads\/2020\/10\/67747163_2138396276268773_3060325611860918272_n.jpg\" class=\"image wp-image-634  attachment-full size-full\" alt=\"\" loading=\"lazy\" style=\"max-width: 100%; height: auto;\" srcset=\"https:\/\/opoleyouthchoir.pl\/wp-content\/uploads\/2020\/10\/67747163_2138396276268773_3060325611860918272_n.jpg 960w, https:\/\/opoleyouthchoir.pl\/wp-content\/uploads\/2020\/10\/67747163_2138396276268773_3060325611860918272_n-300x183.jpg 300w, https:\/\/opoleyouthchoir.pl\/wp-content\/uploads\/2020\/10\/67747163_2138396276268773_3060325611860918272_n-768x467.jpg 768w\" sizes=\"(max-width: 960px) 100vw, 960px\" \/><\/div><\/div><div id=\"pgc-659-4-1\"  class=\"panel-grid-cell\" ><div id=\"panel-659-4-1-0\" class=\"so-panel widget widget_text panel-first-child panel-last-child\" data-index=\"7\" ><h3 class=\"widget-title\">KONCERTY I PROJEKTY<\/h3>\t\t\t<div class=\"textwidget\"><p>Czasami planowane z wyprzedzeniem, a czasami zupe\u0142nie spontaniczne. Koncerty daj\u0105 mo\u017cliwo\u015b\u0107 do\u015bwiadczania czego\u015b magicznego, wzbogacaj\u0105 m\u0142odych ch\u00f3rzyst\u00f3w o umiej\u0119tno\u015bci radzenia sobie ze stresem czy docierania do publiczno\u015bci. Projekty, takie jak na przyk\u0142ad teledyski, ucz\u0105 cierpliwo\u015bci, wytrwa\u0142o\u015bci i rozwijaj\u0105 og\u00f3lny warsztat artystyczny. A przyjemno\u015b\u0107 i endorfiny s\u0105 nie do opisania!<\/p>\n<p>&nbsp;<\/p>\n<\/div>\n\t\t<\/div><\/div><\/div><div id=\"pg-659-5\"  class=\"panel-grid panel-no-style\" ><div id=\"pgc-659-5-0\"  class=\"panel-grid-cell\" ><div id=\"panel-659-5-0-0\" class=\"so-panel widget widget_text panel-first-child panel-last-child\" data-index=\"8\" ><h3 class=\"widget-title\">KIEDY?<\/h3>\t\t\t<div class=\"textwidget\"><p>Spotykamy si\u0119 raz w tygodniu, w soboty przed po\u0142udniem \ud83d\ude42 Plus koncerty, nagrania, itp.<\/p>\n<\/div>\n\t\t<\/div><\/div><div id=\"pgc-659-5-1\"  class=\"panel-grid-cell\" ><div id=\"panel-659-5-1-0\" class=\"so-panel widget widget_media_image panel-first-child panel-last-child\" data-index=\"9\" ><img width=\"780\" height=\"521\" src=\"https:\/\/opoleyouthchoir.pl\/wp-content\/uploads\/2020\/10\/DSC_5356-1024x684.jpg\" class=\"image wp-image-715  attachment-large size-large\" alt=\"\" loading=\"lazy\" style=\"max-width: 100%; height: auto;\" srcset=\"https:\/\/opoleyouthchoir.pl\/wp-content\/uploads\/2020\/10\/DSC_5356-1024x684.jpg 1024w, https:\/\/opoleyouthchoir.pl\/wp-content\/uploads\/2020\/10\/DSC_5356-300x200.jpg 300w, https:\/\/opoleyouthchoir.pl\/wp-content\/uploads\/2020\/10\/DSC_5356-768x513.jpg 768w, https:\/\/opoleyouthchoir.pl\/wp-content\/uploads\/2020\/10\/DSC_5356-1536x1025.jpg 1536w, https:\/\/opoleyouthchoir.pl\/wp-content\/uploads\/2020\/10\/DSC_5356-2048x1367.jpg 2048w\" sizes=\"(max-width: 780px) 100vw, 780px\" \/><\/div><\/div><\/div><\/div>","protected":false},"excerpt":{"rendered":"<p>Obecnie ch\u00f3r to ponad 40 m\u0142odych wokalist\u00f3w w wieku od 7 do 21 lat, zamieszkuj\u0105cych wojew\u00f3dztwo opolskie. Tworzony przez dyrygentk\u0119, [&hellip;]<\/p>\n","protected":false},"author":1,"featured_media":0,"parent":0,"menu_order":0,"comment_status":"closed","ping_status":"closed","template":"page-templates\/full-width.php","meta":[],"_links":{"self":[{"href":"https:\/\/opoleyouthchoir.pl\/index.php?rest_route=\/wp\/v2\/pages\/659"}],"collection":[{"href":"https:\/\/opoleyouthchoir.pl\/index.php?rest_route=\/wp\/v2\/pages"}],"about":[{"href":"https:\/\/opoleyouthchoir.pl\/index.php?rest_route=\/wp\/v2\/types\/page"}],"author":[{"embeddable":true,"href":"https:\/\/opoleyouthchoir.pl\/index.php?rest_route=\/wp\/v2\/users\/1"}],"replies":[{"embeddable":true,"href":"https:\/\/opoleyouthchoir.pl\/index.php?rest_route=%2Fwp%2Fv2%2Fcomments&post=659"}],"version-history":[{"count":13,"href":"https:\/\/opoleyouthchoir.pl\/index.php?rest_route=\/wp\/v2\/pages\/659\/revisions"}],"predecessor-version":[{"id":876,"href":"https:\/\/opoleyouthchoir.pl\/index.php?rest_route=\/wp\/v2\/pages\/659\/revisions\/876"}],"wp:attachment":[{"href":"https:\/\/opoleyouthchoir.pl\/index.php?rest_route=%2Fwp%2Fv2%2Fmedia&parent=659"}],"curies":[{"name":"wp","href":"https:\/\/api.w.org\/{rel}","templated":true}]}}

<div id="pl-659"  class="panel-layout" ><div id="pg-659-0"  class="panel-grid panel-no-style" ><div id="pgc-659-0-0"  class="panel-grid-cell" ><div id="panel-659-0-0-0" class="so-panel widget widget_media_image panel-first-child panel-last-child" data-index="0" ><img width="780" height="520" src="https://opoleyouthchoir.pl/wp-content/uploads/2020/10/DSC00359-1024x683.jpg" class="image wp-image-712  attachment-large size-large" alt="" loading="lazy" style="max-width: 100%; height: auto;" srcset="https://opoleyouthchoir.pl/wp-content/uploads/2020/10/DSC00359-1024x683.jpg 1024w, https://opoleyouthchoir.pl/wp-content/uploads/2020/10/DSC00359-300x200.jpg 300w, https://opoleyouthchoir.pl/wp-content/uploads/2020/10/DSC00359-768x512.jpg 768w, https://opoleyouthchoir.pl/wp-content/uploads/2020/10/DSC00359-1536x1024.jpg 1536w, https://opoleyouthchoir.pl/wp-content/uploads/2020/10/DSC00359-2048x1365.jpg 2048w" sizes="(max-width: 780px) 100vw, 780px" /></div></div><div id="pgc-659-0-1"  class="panel-grid-cell" ><div id="panel-659-0-1-0" class="so-panel widget widget_text panel-first-child panel-last-child" data-index="1" ><h3 class="widget-title">OPOLE YOUTH CHOIR</h3>			<div class="textwidget"><p>Obecnie chór to ponad 40 młodych wokalistów w wieku od 7 do 21 lat, zamieszkujących województwo opolskie. Tworzony przez dyrygentkę, dzieci i młodzież, a także ich wspierających rodziców, OYC jest jedyną w swoim rodzaju szansą na rozwój swoich muzycznych i wokalnych umiejętności, śpiewanie w harmonii, ale również solo.</p>
</div>
		</div></div></div><div id="pg-659-1"  class="panel-grid panel-no-style" ><div id="pgc-659-1-0"  class="panel-grid-cell" ><div id="panel-659-1-0-0" class="so-panel widget widget_text panel-first-child panel-last-child" data-index="2" >			<div class="textwidget"><p>&nbsp;</p>
<p>&nbsp;</p>
</div>
		</div></div></div><div id="pg-659-2"  class="panel-grid panel-no-style" ><div id="pgc-659-2-0"  class="panel-grid-cell" ><div id="panel-659-2-0-0" class="so-panel widget widget_text panel-first-child panel-last-child" data-index="3" ><h3 class="widget-title">PRÓBY</h3>			<div class="textwidget"><p>Na próbach poznajemy tajniki poprawnego śpiewania, podstawy czytania nut, budujemy fundamenty śpiewania w harmonii i występów scenicznych. Na każde nasze spotkanie składa się emisja głosu, kształcenie słuchu, praca nad piosenką i przygotowanie do różnych projektów.</p>
<p>&nbsp;</p>
</div>
		</div></div><div id="pgc-659-2-1"  class="panel-grid-cell" ><div id="panel-659-2-1-0" class="so-panel widget widget_media_image panel-first-child panel-last-child" data-index="4" ><img width="780" height="520" src="https://opoleyouthchoir.pl/wp-content/uploads/2020/10/IMG_3438-1024x683.jpg" class="image wp-image-710  attachment-large size-large" alt="" loading="lazy" style="max-width: 100%; height: auto;" srcset="https://opoleyouthchoir.pl/wp-content/uploads/2020/10/IMG_3438-1024x683.jpg 1024w, https://opoleyouthchoir.pl/wp-content/uploads/2020/10/IMG_3438-300x200.jpg 300w, https://opoleyouthchoir.pl/wp-content/uploads/2020/10/IMG_3438-768x512.jpg 768w, https://opoleyouthchoir.pl/wp-content/uploads/2020/10/IMG_3438-1536x1024.jpg 1536w, https://opoleyouthchoir.pl/wp-content/uploads/2020/10/IMG_3438-2048x1365.jpg 2048w" sizes="(max-width: 780px) 100vw, 780px" /></div></div></div><div id="pg-659-3"  class="panel-grid panel-no-style" ><div id="pgc-659-3-0"  class="panel-grid-cell" ><div id="panel-659-3-0-0" class="so-panel widget widget_text panel-first-child panel-last-child" data-index="5" >			<div class="textwidget"><p>&nbsp;</p>
<p>&nbsp;</p>
</div>
		</div></div></div><div id="pg-659-4"  class="panel-grid panel-no-style" ><div id="pgc-659-4-0"  class="panel-grid-cell" ><div id="panel-659-4-0-0" class="so-panel widget widget_media_image panel-first-child panel-last-child" data-index="6" ><img width="960" height="584" src="https://opoleyouthchoir.pl/wp-content/uploads/2020/10/67747163_2138396276268773_3060325611860918272_n.jpg" class="image wp-image-634  attachment-full size-full" alt="" loading="lazy" style="max-width: 100%; height: auto;" srcset="https://opoleyouthchoir.pl/wp-content/uploads/2020/10/67747163_2138396276268773_3060325611860918272_n.jpg 960w, https://opoleyouthchoir.pl/wp-content/uploads/2020/10/67747163_2138396276268773_3060325611860918272_n-300x183.jpg 300w, https://opoleyouthchoir.pl/wp-content/uploads/2020/10/67747163_2138396276268773_3060325611860918272_n-768x467.jpg 768w" sizes="(max-width: 960px) 100vw, 960px" /></div></div><div id="pgc-659-4-1"  class="panel-grid-cell" ><div id="panel-659-4-1-0" class="so-panel widget widget_text panel-first-child panel-last-child" data-index="7" ><h3 class="widget-title">KONCERTY I PROJEKTY</h3>			<div class="textwidget"><p>Czasami planowane z wyprzedzeniem, a czasami zupełnie spontaniczne. Koncerty dają możliwość doświadczania czegoś magicznego, wzbogacają młodych chórzystów o umiejętności radzenia sobie ze stresem czy docierania do publiczności. Projekty, takie jak na przykład teledyski, uczą cierpliwości, wytrwałości i rozwijają ogólny warsztat artystyczny. A przyjemność i endorfiny są nie do opisania!</p>
<p>&nbsp;</p>
</div>
		</div></div></div><div id="pg-659-5"  class="panel-grid panel-no-style" ><div id="pgc-659-5-0"  class="panel-grid-cell" ><div id="panel-659-5-0-0" class="so-panel widget widget_text panel-first-child panel-last-child" data-index="8" ><h3 class="widget-title">KIEDY?</h3>			<div class="textwidget"><p>Spotykamy się raz w tygodniu, w soboty przed południem 🙂 Plus koncerty, nagrania, itp.</p>
</div>
		</div></div><div id="pgc-659-5-1"  class="panel-grid-cell" ><div id="panel-659-5-1-0" class="so-panel widget widget_media_image panel-first-child panel-last-child" data-index="9" ><img width="780" height="521" src="https://opoleyouthchoir.pl/wp-content/uploads/2020/10/DSC_5356-1024x684.jpg" class="image wp-image-715  attachment-large size-large" alt="" loading="lazy" style="max-width: 100%; height: auto;" srcset="https://opoleyouthchoir.pl/wp-content/uploads/2020/10/DSC_5356-1024x684.jpg 1024w, https://opoleyouthchoir.pl/wp-content/uploads/2020/10/DSC_5356-300x200.jpg 300w, https://opoleyouthchoir.pl/wp-content/uploads/2020/10/DSC_5356-768x513.jpg 768w, https://opoleyouthchoir.pl/wp-content/uploads/2020/10/DSC_5356-1536x1025.jpg 1536w, https://opoleyouthchoir.pl/wp-content/uploads/2020/10/DSC_5356-2048x1367.jpg 2048w" sizes="(max-width: 780px) 100vw, 780px" /></div></div></div></div>

<p>Obecnie chór to ponad 40 młodych wokalistów w wieku od 7 do 21 lat, zamieszkujących województwo opolskie. Tworzony przez dyrygentkę, [&hellip;]</p>
